vided by q?
7
Suppose 0 = -2*q - 3*j - 60, -q - 2*j = -2*q - 30. Let s be ((-141)/9)/(1/(-3)). Let n = s + q. What is the remainder when 32 is divided by n?
15
Let p(l) = l - 2. What is the remainder when 3 is divided by p(3)?
0
Let u(y) = 8*y - 2. Suppose 17 - 2 = 5*m. Suppose 9 = 5*v + 4*f, f - 7 = -m*v - f. Calculate the remainder when u(2) is divided by v.
4
Let f(p) = p + 16. Calculate the remainder when 46 is divided by f(0).
14
Suppose 0 = -h - 3*p + 58 - 5, -3*p = 3*h - 147. Suppose 0 = -2*b + 1 + 13. Let m = 9 + b. What is the remainder when h is divided by m?
15
Suppose k + 3*q = 15, -2*k - k + 40 = 4*q. Suppose 5*y + k = 127. What is the remainder when y is divided by 13?
10
Suppose 0 = 2*n - n. Suppose 4*s - 3*s + 4*c = -73, 2*c + 4 = n. Let h = -45 - s. What is the remainder when h is divided by 11?
9
Calculate the remainder when 83 is divided by ((-20)/(-30))/((-2)/(-84)).
27
Suppose -4*q - q = -20, -3*y - 2*q + 32 = 0. Calculate the remainder when (-3)/(-2)*46/3 is divided by y.
7
Suppose -1 + 9 = k. Calculate the remainder when 10 is divided by k.
2
Let o = 8 + -2. Let x(t) = 16*t. Calculate the remainder when x(1) is divided by o.
4
Let q(f) = -2*f + 19. What is the remainder when 104 is divided by q(-8)?
34
Suppose 4*k + 4 + 0 = 4*n, 4*k - n = 5. Let b = -2 + 2. Suppose b = -k*g + 2 + 4. Calculate the remainder when g is divided by 1.
0
Suppose 14*f - 15*f = -50. What is the remainder when f is divided by 19?
12
Suppose 5*u = 3*u + 4. Suppose u*o + o - 3*g = 0, 5*g = -5*o + 40. What is the remainder when o is divided by 3?
1
Let b = 17 - 3. What is the remainder when b is divided by 8?
6
Let p(t) = -1 - 3*t + 4*t + 10. Calculate the remainder when p(0) is divided by 13/2 + 3/(-2).
4
Let b(f) = -f**2 - 24*f + 2. What is the remainder when 13 is divided by b(-24)?
1
Let p(z) = -z**2 + 12*z + 2. Let f be p(9). Let u = f + -19. What is the remainder when u is divided by 4?
2
Let o be (-4)/(-2)*1 - 3. Calculate the remainder when 61 is divided by o - (0 + -20 + 3).
13
Suppose 10 = -2*t, 5*p + t = -0*t + 40. Calculate the remainder when p is divided by 4.
1
Let b(u) = u + 13. Let q be b(-9). Suppose -g - q*g + 270 = 0. What is the remainder when g is divided by 19?
16
Let x(a) = -3*a - 11. Let v(b) = -1. Let o(f) = -v(f) + x(f). What is the remainder when o(-7) is divided by 6?
5
Suppose -22 + 84 = 2*g. Suppose -4*d - 20 = -8. Calculate the remainder when g is divided by ((-11)/d)/(2/6).
9
Let v = -34 + 61. What is the remainder when v is divided by 7?
6
Let z(v) = 13*v + 5. What is the remainder when 57 is divided by z(2)?
26
Suppose n + 4*n - 80 = -5*z, -3*n = -15. Suppose 52 = -4*j - 40. Let f = 43 + j. Calculate the remainder when f is divided by z.
9
Suppose 5*v - 20 = 4*v. What is the remainder when 58 is divided by v?
18
Let x(j) = -j. Let f(h) = 9*h + 7. Let n(u) = f(u) + 3*x(u). What is the remainder when n(5) is divided by (-224)/(-21) - (-2)/(-3)?
7
Suppose -3*p = -4*g + 197, 5*p = -2*g + 3*p + 116. Suppose -71 = 5*c + 54. Let d = -7 - c. Calculate the remainder when g is divided by d.
17
Suppose 5*w - 4*w = 31. Let k = w + -20. What is the remainder when 19 is divided by k?
8
Let z = -32 + 40. What is the remainder when 15 is divided by z?
7
Let u = -10 + 57. What is the remainder when u is divided by 6/(1/(-4)*-2)?
11
Let z(t) = -8*t - 3*t**2 + 9*t**2 + t**3 - 4 - t**2 + t**2. Calculate the remainder when 8 is divided by z(-7).
2
Suppose 4*i - 1 = -5. Let d = 4 + i. Let u = -2 - -4. What is the remainder when d is divided by u?
1
Suppose 176 = -u + 5*u. What is the remainder when u is divided by 9?
8
Let z(p) = -7*p - 35. Let g(j) = -3*j - 18. Let h(d) = -5*g(d) + 2*z(d). Calculate the remainder when 19 is divided by h(-9).
8
Let z be 10 - (3 + (3 - 4)). Suppose w + 0*a = 2*a + z, -4*w - a + 14 = 0. Calculate the remainder when 11 is divided by w.
3
Suppose k - 3*s = 5*k - 52, 3*k - 2*s - 22 = 0. Suppose -2*z + 10 - 4 = 0. What is the remainder when k is divided by z?
1
Suppose -3*c - 3 = 3. Let n(k) = -6*k. Suppose -3*d - 3*m + 0 = -63, -3*d + 61 = 4*m. Calculate the remainder when d is divided by n(c).
11
Let q(y) = -y**3 + 9*y**2 - 5*y - 9. Suppose -2*r + 7 + 1 = x, -4*r = 0. Calculate the remainder when q(8) is divided by x.
7
Let t be (-4)/(((-32)/12)/4). Suppose -3*y + t = -y. Let b = -2 + 3. Calculate the remainder when y is divided by b.
0
Suppose 0 = -o - 5*i + 10, -2*i - 8 = -3*o + 5. Let j be 2*-2*(-10)/8. Calculate the remainder when o is divided by 5*(-1 + 8/j).
2
Let a(y) be the first derivative of 3*y + 2*y**2 - 1/3*y**3 + 2. What is the remainder when 5 is divided by a(4)?
2
Suppose 18 = 2*j + 2*m, 5*m + 11 = 3*j + 4*m. Suppose r = j*r - 88. What is the remainder when r is divided by (-23)/(-3) - 2/(-6)?
6
Suppose 2*j = 3*j - 31. Let v = 52 - j. Calculate the remainder when 41 is divided by v.
20
Suppose -6*w = -2*w - 20. Suppose 0 = w*m - 10 - 0. Let z(y) = y + 6. What is the remainder when z(-4) is divided by m?
0
Let z = 71 - 57. Calculate the remainder when z is divided by 3.
2
Let g = -27 - -45. Let r(q) = -2*q**3 - q**2 + 3*q - 2. Calculate the remainder when r(-3) is divided by g.
16
Suppose -45 = -m + 4*o, -90 - 34 = -4*m + 2*o. Let i = -44 - -99. Calculate the remainder when i is divided by m.
26
Let t(j) = j**3 - 8*j**2 + 7*j + 4. Let k be t(7). Suppose k*h + 15 - 83 = 0. Calculate the remainder when h is divided by 9.
8
Suppose 2*m + 3*a - 10 = 0, m + 5 - 10 = -5*a. Suppose m*t = -r + 68, -2*t - t + 50 = -4*r. What is the remainder when 39 is divided by t?
11
Let h(q) = -63*q. Let u be h(2). What is the remainder when 4*(u/4)/(-3) is divided by 15?
12
Suppose 4 = 2*v - 2*m, -5*v - m = -0 - 16. Suppose v = i - 7. Let f(c) = -c + 9. Calculate the remainder when i is divided by f(5).
2
Let j be (-44)/(-36) + (-4)/18. What is the remainder when (-10)/(j + -3) + 3 is divided by 3?
2
Let l(t) = t**2 + 8*t - 19. Let d(f) = f + 17. Calculate the remainder when l(-14) is divided by d(0).
14
Calculate the remainder when (4/(-6))/(30/(-1665)) is divided by 19.
18
Let p = -5 - -10. Suppose 0 = 2*m + 6, s = 6*s - p*m - 185. Calculate the remainder when s is divided by (-36)/21*7/(-1).
10
Let v be 36/16*4/3. Suppose v*d + 7 = 34. What is the remainder when 24 is divided by d?
6
Suppose -5*w + 2*h = -35, -h + 56 = 4*w + 3*h. Calculate the remainder when 13 is divided by w.
4
Let u(a) = a**3 + 11*a**2 - 14*a - 18. What is the remainder when 22 is divided by u(-12)?
4
Calculate the remainder when 5 is divided by (-8)/(-2)*6/8.
2
Let j(i) = -i**2 + 12*i + 4. Let b be -2*(-5 - 0/(-1)). Let l be j(b). Suppose 4*s = -4 + l. Calculate the remainder when 19 is divided by s.
4
Suppose -3*z - 5*v = -20 + 1, -2*z + 3*v = 0. Suppose t = z*y - 42, 4*t + 22 + 178 = 4*y. Let u = 82 + t. What is the remainder when u is divided by 10?
8
Suppose -x - 8 = x. Let g = 5 + x. Calculate the remainder when g is divided by -1*(-3)/((-9)/(-3)).
0
Let u(f) = f**3 + f**2 - f + 11. Let l be u(0). Suppose 0 = 2*j - 2*w - 26, -2*w - 3*w - l = j. What is the remainder when (-25)/1*2/(-2) is divided by j?
7
Suppose -5*d + 10 = 4*a - 39, -2*d = 5*a - 57. Suppose 3*k = 4*r + 2*k - 187, 0 = -2*r + k + 91. Let i = r + -17. What is the remainder when i is divided by a?
9
Suppose 5 = -2*z + 29. What is the remainder when 52 is divided by (-9)/z - 75/(-4)?
16
Let f(p) = -p**2 - 14*p - 13. What is the remainder when f(-6) is divided by 19?
16
Let y = -1 - -9. Calculate the remainder when y is divided by (0 - -1) + (-11 - -13).
2
Let c(n) = n**3 + 17*n**2 + 25*n - 16. Calculate the remainder when c(-15) is divided by 30.
29
Let a = -64 + 93. Suppose -2*m - 5*h + 18 - 4 = 0, 4*m - 2 = 3*h. Suppose -m*w + 6*w - 40 = 0. What is the remainder when a is divided by w?
9
Suppose -f - 4*f + 45 = 0. Suppose -4*l + 4 = -2*z, 2*z + 10*l - 32 = 5*l. Calculate the remainder when f is divided by z.
3
Let u(i) = i + 1. Let t be u(3). Suppose t*p + 7 = -k, 3 + 1 = -k - 3*p. Suppose -1 = -v + x, 5*x - k = 15. Calculate the remainder when v is divided by 3.
2
Let w = 19 + -17. What is the remainder when 5 is divided by w?
1
Let j be (-4 - -1)/(3/(-68)). Suppose 4*t - j = -12. Calculate the remainder when t is divided by 8.
6
Let a be (-3)/12 - (-10)/8. Calculat